What is the remainder when 78 is divided by 5?
3
Calculate the remainder when 689 is divided by 138.
137
Calculate the remainder when 3355 is divided by 146.
143
What is the remainder when 684 is divided by 162?
36
What is the remainder when 12 is divided by 3?
0
Calculate the remainder when 2885 is divided by 50.
35
Calculate the remainder when 574 is divided by 25.
24
Calculate the remainder when 746 is divided by 369.
8
What is the remainder when 241 is divided by 59?
5
What is the remainder when 432 is divided by 14?
12
What is the remainder when 8651 is divided by 16?
11
What is the remainder when 76 is divided by 15?
1
Calculate the remainder when 3279 is divided by 363.
12
What is the remainder when 185 is divided by 95?
90
What is the remainder when 232 is divided by 67?
31
Calculate the remainder when 949 is divided by 86.
3
Calculate the remainder when 222 is divided by 9.
6
What is the remainder when 2152 is divided by 98?
94
Calculate the remainder when 16 is divided by 13.
3
Calculate the remainder when 36573 is divided by 25.
23
What is the remainder when 3148 is divided by 17?
3
What is the remainder when 841 is divided by 89?
40
What is the remainder when 1037 is divided by 516?
5
What is the remainder when 7849 is divided by 302?
299
Calculate the remainder when 74 is divided by 17.
6
Calculate the remainder when 64 is divided by 11.
9
Calculate the remainder when 166 is divided by 83.
0
What is the remainder when 139 is divided by 111?
28
What is the remainder when 1840 is divided by 24?
16
Calculate the remainder when 1101 is divided by 14.
9
Calculate the remainder when 299 is divided by 22.
13
Calculate the remainder when 66 is divided by 53.
13
Calculate the remainder when 2173 is divided by 5.
3
Calculate the remainder when 773 is divided by 224.
101
Calculate the remainder when 219 is divided by 54.
3
Calculate the remainder when 558 is divided by 26.
12
What is the remainder when 254 is divided by 51?
50
What is the remainder when 2459 is divided by 309?
296
What is the remainder when 1561 is divided by 299?
66
Calculate the remainder when 178 is divided by 23.
17
What is the remainder when 507 is divided by 17?
14
Calculate the remainder when 696 is divided by 70.
66
What is the remainder when 901 is divided by 295?
16
What is the remainder when 128 is divided by 67?
61
What is the remainder when 857 is divided by 94?
11
What is the remainder when 37462 is divided by 29?
23
What is the remainder when 228 is divided by 9?
3
Calculate the remainder when 520 is divided by 168.
16
What is the remainder when 479 is divided by 24?
23
Calculate the remainder when 9581 is divided by 3.
2
What is the remainder when 1945 is divided by 59?
57
Calculate the remainder when 153 is divided by 49.
6
What is the remainder when 417 is divided by 14?
11
What is the remainder when 2022 is divided by 44?
42
What is the remainder when 4282 is divided by 16?
10
Calculate the remainder when 23 is divided by 13.
10
Calculate the remainder when 677 is divided by 18.
11
What is the remainder when 1434 is divided by 144?
138
What is the remainder when 10389 is divided by 10?
9
What is the remainder when 248 is divided by 25?
23
What is the remainder when 23756 is divided by 165?
161
Calculate the remainder when 862 is divided by 54.
52
What is the remainder when 571 is divided by 197?
177
What is the remainder when 287 is divided by 141?
5
What is the remainder when 1501 is divided by 16?
13
Calculate the remainder when 326 is divided by 178.
148
Calculate the remainder when 776 is divided by 17.
11
What is the remainder when 373 is divided by 113?
34
What is the remainder when 106 is divided by 11?
7
What is the remainder when 3218 is divided by 38?
26
Calculate the remainder when 318 is divided by 19.
14
Calculate the remainder when 253 is divided by 22.
11
What is the remainder when 3947 is divided by 28?
27
Calculate the remainder when 602 is divided by 81.
35
What is the remainder when 2024 is divided by 137?
106
Calculate the remainder when 25211 is divided by 132.
131
What is the remainder when 1702 is divided by 562?
16
What is the remainder when 2137 is divided by 21?
16
What is the remainder when 457 is divided by 94?
81
What is the remainder when 588 is divided by 10?
8
What is the remainder when 220 is divided by 56?
52
Calculate the remainder when 122 is divided by 64.
58
Calculate the remainder when 151 is divided by 26.
21
What is the remainder when 830 is divided by 32?
30
What is the remainder when 519 is divided by 26?
25
What is the remainder when 168 is divided by 17?
15
Calculate the remainder when 986 is divided by 325.
11
Calculate the remainder when 1038 is divided by 58.
52
What is the remainder when 761 is divided by 26?
7
Calculate the remainder when 451 is divided by 66.
55
Calculate the remainder when 81 is divided by 48.
33
Calculate the remainder when 8066 is divided by 38.
10
Calculate the remainder when 7000 is divided by 34.
30
What is the remainder when 49 is divided by 28?
21
What is the remainder when 934 is divided by 94?
88
What is the remainder when 476 is divided by 11?
3
Calculate the remainder when 28 is divided by 10.
8
Calculate the remainder when 56 is divided by 6.
2
Calculate the remainder when 2508 is divided by 279.
276
Calculate the remainder when 357 is divided by 13.
6
Calculate the remainder when 88 is divided by 20.
8
Calculate the remainder when 108 is divided by 19.
13
Calculate the remainder when 783 is divided by 257.
12
Calculate the remainder when 2165 is divided by 311.
299
Calculate the remainder when 200 is divided by 27.
11
What is the remainder when 126 is divided by 3?
0
What is the remainder when 684 is divided by 16?
12
What is the remainder when 380 is divided by 39?
29
Calculate the remainder when 92 is divided by 25.
17
Calculate the remainder when 211 is divided by 40.
11
Calculate the remainder when 1177 is divided by 119.
106
What is the remainder when 859 is divided by 31?
22
What is the remainder when 112 is divided by 39?
34
What is the remainder when 194 is divided by 68?
58
Calculate the remainder when 6710 is divided by 49.
46
Calculate the remainder when 145 is divided by 35.
5
Calculate the remainder when 63 is divided by 36.
27
What is the remainder when 387 is divided by 27?
9
What is the remainder when 3702 is divided by 23?
22
Calculate the remainder when 55 is divided by 44.
11
What is the remainder when 626 is divided by 9?
5
Calculate the remainder when 2711 is divided by 72.
47
What is the remainder when 207 is divided by 17?
3
Calculate the remainder when 231 is divided by 57.
3
Calculate the remainder when 71 is divided by 23.
2
What is the remainder when 1776 is divided by 46?
28
Calculate the remainder when 691 is divided by 11.
9
Calculate the remainder when 230 is divided by 37.
8
Calculate the remainder when 361 is divided by 88.
9
What is the remainder when 771 is divided by 253?
12
Calculate the remainder when 390 is divided by 49.
47
What is the remainder when 1395 is divided by 50?
45
Calculate the remainder when 108 is divided by 42.
24
Calculate the remainder when 1147 is divided by 286.
3
What is the remainder when 395 is divided by 364?
31
Calculate the remainder when 138 is divided by 20.
18
What is the remainder when 667 is divided by 67?
64
What is the remainder when 439 is divided by 95?
59
Calculate the remainder when 11684 is divided by 123.
122
What is the remainder when 640 is divided by 629?
11
What is the remainder when 4597 is divided by 918?
7
Calculate the remainder when 855 is divided by 66.
63
Calculate the remainder when 623 is divided by 11.
7
What is the remainder when 111 is divided by 30?
21
What is the remainder when 667 is divided by 132?
7
Calculate the remainder when 128 is divided by 53.
22
What is the remainder when 6725 is divided by 16?
5
What is the remainder when 48 is divided by 7?
6
What is the remainder when 169 is divided by 51?
16
What is the remainder when 1698 is divided by 85?
83
Calculate the remainder when 43 is divided by 9.
7
Calculate the remainder when 300 is divided by 153.
147
What is the remainder when 385 is divided by 79?
69
Calculate the remainder when 386 is divided by 201.
185
What is 